{"id":3722,"date":"2021-03-07T17:08:27","date_gmt":"2021-03-07T16:08:27","guid":{"rendered":"https:\/\/ge-dellbrueck.de\/?page_id=3722"},"modified":"2024-03-06T18:43:32","modified_gmt":"2024-03-06T17:43:32","slug":"ueber-uns","status":"publish","type":"page","link":"https:\/\/ge-dellbrueck.de\/start\/ueber-uns\/","title":{"rendered":"\u00dcber uns"},"content":{"rendered":"\n<p class=\"has-background has-medium-font-size has-pale-cyan-blue-background-color\">Wir, der Cirque Oona, sind der Schulzirkus der Gesamtschule Dellbr\u00fccker Mauspfad.<\/p>\n\n\n\n<p><a href=\"https:\/\/ge-dellbrueck.de\/cirque-oona\/\">Zur\u00fcck zum Start &#8222;Cirque Oona&#8220;<\/a><\/p>\n\n\n\n<p>Wir\nhaben uns im August 2019 \u2013 zusammen mit der Schule \u2013 gegr\u00fcndet\nund sind ein Team aus zirkusbegeisterten Sch\u00fcler*innen (auf und\nhinter der B\u00fchne), Lehrer*innen, Eltern und Externen.<\/p>\n\n\n\n<p class=\"has-background has-luminous-vivid-amber-background-color\">Unser Name ist Programm:<\/p>\n\n\n\n<p>\u201aCirque\u2019\nist Franz\u00f6sisch und bedeutet \u201aZirkus\u2019. Damit wollen wir an die\nForm des \u201azeitgen\u00f6ssischen Zirkus\u2019 oder \u201aCirque Nouveau\u2019\nankn\u00fcpfen, die um 1970 in Frankreich entstanden ist. Wir wollen den\n\u201aklassischen Zirkus\u2019 ebenfalls mit kreativen aber auch\nexperimentellen Elementen aus Kunst, Theater, Tanz und Musik\nkombinieren.<\/p>\n\n\n\n<p>Der\nName \u201aOona\u2019 ist irisch-finnischen Ursprungs und bedeutet so viel\nwie  \u201aeinzigartig\u2019 und \u201aEinheit\u2019. Das passt zu unserer\nVorstellung von Zirkus: Wir wollen eine Einheit, eine gro\u00dfe\nZirkusfamilie sein. Egal, was du kannst, du kannst dich im Zirkus\neinbringen und verwirklichen. Egal, ob auf oder hinter der B\u00fchne.\nDadurch k\u00f6nnen wir Einzigartiges schaffen \u2013 sei es ein\nGemeinschaftsgef\u00fchl oder ein Zirkusprogramm.<\/p>\n\n\n\n<p>Ganz\nnach unserem Schulmotto: Gemeinsam etwas bewegen!<\/p>\n\n\n\n<p class=\"has-background has-light-green-cyan-background-color\">Das\nDirektor*innen-Team<\/p>\n\n\n\n<p><strong>Philipp\nHess<\/strong><\/p>\n\n\n\n<p>+ Zirkusbild<\/p>\n\n\n\n<p>Ich bin Philipp, unterrichte Englisch und Sport an der GDM und war von Anfang an beim Cirque Oona. Vorher habe ich im tollen Schulzirkus Radelito der Willy-Brandt-Gesamtschule in K\u00f6ln-H\u00f6henhaus mitgewirkt und erlebt, was f\u00fcr tolle Effekte durch die spielerische, kreative und artistische Arbeit in einem Zirkus entstehen.<\/p>\n\n\n\n<p><strong>Jana\nL\u00fctkes<\/strong><\/p>\n\n\n\n<p>+\nZirkusbild<\/p>\n\n\n\n<p>Ich\nbin Jana und seit August 2019 an der Gesamtsamtschule Dellbr\u00fccker\nMauspfad. Dort unterrichte ich die F\u00e4cher Sport und Biologie. Beim\nCirque Oona bin ich seit September 2019 dabei.<\/p>\n\n\n\n<p>Vor\ndem Cirque Oona habe ich noch keine gro\u00dfe Zirkuserfahrung gesammelt.\nIch fand den Schulzirkus aber schon lange spannend. Letztendlich fand\nich dann durch Frodo zum Cirque Oona.<\/p>\n\n\n\n<p><strong>Stephan\n\u201eFrodo\u201c Oesterwind<\/strong><\/p>\n\n\n\n<div class=\"wp-block-media-text alignwide\" style=\"grid-template-columns:29% auto\"><figure class=\"wp-block-media-text__media\"><img loading=\"lazy\" decoding=\"async\" width=\"764\" height=\"1024\" src=\"https:\/\/ge-dellbrueck.de\/wp-content\/uploads\/2021\/03\/K1600_Frodo-764x1024.jpg\" alt=\"\" class=\"wp-image-3727\" srcset=\"https:\/\/ge-dellbrueck.de\/wp-content\/uploads\/2021\/03\/K1600_Frodo-764x1024.jpg 764w, https:\/\/ge-dellbrueck.de\/wp-content\/uploads\/2021\/03\/K1600_Frodo-224x300.jpg 224w, https:\/\/ge-dellbrueck.de\/wp-content\/uploads\/2021\/03\/K1600_Frodo-768x1029.jpg 768w, https:\/\/ge-dellbrueck.de\/wp-content\/uploads\/2021\/03\/K1600_Frodo.jpg 1200w\" sizes=\"(max-width: 764px) 100vw, 764px\" \/><\/figure><div class=\"wp-block-media-text__content\">\n<p> Ich bin Stephan und wie Philipp seit Schulgr\u00fcndung 2019 im Cirque Oona  dabei. Als Lehrer unterrichte ich die F\u00e4cher Latein und Geschichte. <\/p>\n\n\n\n<p>\nAbseits der Schule bin ich freiberuflich als Zirkusp\u00e4dagoge und K\u00fcnstler\n \u201aFrodo\u2019 unterwegs. Mein Steckenpferd ist dabei die Jonglage und \nClownerie. Daher bin ich im Zirkus \u201ader\u2019 Frodo.\n\n<\/p>\n<\/div><\/div>\n","protected":false},"excerpt":{"rendered":"<p>Wir, der Cirque Oona, sind der Schulzirkus der Gesamtschule Dellbr\u00fccker Mauspfad. Zur\u00fcck zum Start &#8222;Cirque Oona&#8220; Wir haben uns im August 2019 \u2013 zusammen mit der Schule \u2013 gegr\u00fcndet und sind ein Team aus zirkusbegeisterten Sch\u00fcler*innen (auf und hinter der B\u00fchne), Lehrer*innen, Eltern und Externen. Unser Name ist Programm: \u201aCirque\u2019 ist Franz\u00f6sisch und bedeutet \u201aZirkus\u2019. [&hellip;]<\/p>\n","protected":false},"author":5,"featured_media":0,"parent":0,"menu_order":0,"comment_status":"closed","ping_status":"closed","template":"full-width","meta":{"saved_in_kubio":true,"footnotes":""},"class_list":["post-3722","page","type-page","status-publish","hentry"],"kubio_ai_page_context":{"short_desc":"","purpose":"general"},"_links":{"self":[{"href":"https:\/\/ge-dellbrueck.de\/start\/wp-json\/wp\/v2\/pages\/3722","targetHints":{"allow":["GET"]}}],"collection":[{"href":"https:\/\/ge-dellbrueck.de\/start\/wp-json\/wp\/v2\/pages"}],"about":[{"href":"https:\/\/ge-dellbrueck.de\/start\/wp-json\/wp\/v2\/types\/page"}],"author":[{"embeddable":true,"href":"https:\/\/ge-dellbrueck.de\/start\/wp-json\/wp\/v2\/users\/5"}],"replies":[{"embeddable":true,"href":"https:\/\/ge-dellbrueck.de\/start\/wp-json\/wp\/v2\/comments?post=3722"}],"version-history":[{"count":9,"href":"https:\/\/ge-dellbrueck.de\/start\/wp-json\/wp\/v2\/pages\/3722\/revisions"}],"predecessor-version":[{"id":6251,"href":"https:\/\/ge-dellbrueck.de\/start\/wp-json\/wp\/v2\/pages\/3722\/revisions\/6251"}],"wp:attachment":[{"href":"https:\/\/ge-dellbrueck.de\/start\/wp-json\/wp\/v2\/media?parent=3722"}],"curies":[{"name":"wp","href":"https:\/\/api.w.org\/{rel}","templated":true}]}}