{"id":989,"date":"2019-09-23T09:32:15","date_gmt":"2019-09-23T07:32:15","guid":{"rendered":"https:\/\/ge-dellbrueck.de\/?page_id=989"},"modified":"2024-03-06T13:21:16","modified_gmt":"2024-03-06T12:21:16","slug":"presse-links","status":"publish","type":"page","link":"https:\/\/ge-dellbrueck.de\/start\/service\/presse-links\/","title":{"rendered":"Presse \/ Links"},"content":{"rendered":"\n<ul class=\"wp-block-list\"><li>Neugr\u00fcndung: <a href=\"https:\/\/www.stadt-koeln.de\/service\/adressen\/10568\/index.html\">Stadt K\u00f6ln<\/a>   <\/li><li>Neugr\u00fcndung:  <a href=\"https:\/\/spdkoeln-dellbrueck.de\/index.php?option=com_content&amp;view=article&amp;id=64:gesamtschule-dellbruecker-mauspfad-startet-selbststaendig-ins-neue-schuljahr-2019-2020&amp;catid=8&amp;Itemid=127\">2019-07-11 SPD<\/a><\/li><li> Neugr\u00fcndung:  <a href=\"https:\/\/www.ksta.de\/koeln\/dellbrueck-bekommt-eigene-gesamtschule-31724974\">2018-12-11 KStA <\/a><\/li><li> Neugr\u00fcndung:  <a href=\"https:\/\/www.rundschau-online.de\/region\/koeln\/koeln-archiv\/hohe-nachfrage-neue-gesamtschule-entsteht-am-dellbruecker-mauspfad-31652280\">2018-11-27 KR<\/a><\/li><\/ul>\n","protected":false},"excerpt":{"rendered":"<p>Neugr\u00fcndung: Stadt K\u00f6ln Neugr\u00fcndung: 2019-07-11 SPD Neugr\u00fcndung: 2018-12-11 KStA Neugr\u00fcndung: 2018-11-27 KR<\/p>\n","protected":false},"author":5,"featured_media":0,"parent":475,"menu_order":0,"comment_status":"closed","ping_status":"closed","template":"full-width","meta":{"saved_in_kubio":true,"footnotes":""},"class_list":["post-989","page","type-page","status-publish","hentry"],"kubio_ai_page_context":{"short_desc":"","purpose":"general"},"_links":{"self":[{"href":"https:\/\/ge-dellbrueck.de\/start\/wp-json\/wp\/v2\/pages\/989","targetHints":{"allow":["GET"]}}],"collection":[{"href":"https:\/\/ge-dellbrueck.de\/start\/wp-json\/wp\/v2\/pages"}],"about":[{"href":"https:\/\/ge-dellbrueck.de\/start\/wp-json\/wp\/v2\/types\/page"}],"author":[{"embeddable":true,"href":"https:\/\/ge-dellbrueck.de\/start\/wp-json\/wp\/v2\/users\/5"}],"replies":[{"embeddable":true,"href":"https:\/\/ge-dellbrueck.de\/start\/wp-json\/wp\/v2\/comments?post=989"}],"version-history":[{"count":5,"href":"https:\/\/ge-dellbrueck.de\/start\/wp-json\/wp\/v2\/pages\/989\/revisions"}],"predecessor-version":[{"id":6217,"href":"https:\/\/ge-dellbrueck.de\/start\/wp-json\/wp\/v2\/pages\/989\/revisions\/6217"}],"up":[{"embeddable":true,"href":"https:\/\/ge-dellbrueck.de\/start\/wp-json\/wp\/v2\/pages\/475"}],"wp:attachment":[{"href":"https:\/\/ge-dellbrueck.de\/start\/wp-json\/wp\/v2\/media?parent=989"}],"curies":[{"name":"wp","href":"https:\/\/api.w.org\/{rel}","templated":true}]}}

<ul class="wp-block-list"><li>Neugründung: <a href="https://www.stadt-koeln.de/service/adressen/10568/index.html">Stadt Köln</a>   </li><li>Neugründung:  <a href="https://spdkoeln-dellbrueck.de/index.php?option=com_content&amp;view=article&amp;id=64:gesamtschule-dellbruecker-mauspfad-startet-selbststaendig-ins-neue-schuljahr-2019-2020&amp;catid=8&amp;Itemid=127">2019-07-11 SPD</a></li><li> Neugründung:  <a href="https://www.ksta.de/koeln/dellbrueck-bekommt-eigene-gesamtschule-31724974">2018-12-11 KStA </a></li><li> Neugründung:  <a href="https://www.rundschau-online.de/region/koeln/koeln-archiv/hohe-nachfrage-neue-gesamtschule-entsteht-am-dellbruecker-mauspfad-31652280">2018-11-27 KR</a></li></ul>

<p>Neugründung: Stadt Köln Neugründung: 2019-07-11 SPD Neugründung: 2018-12-11 KStA Neugründung: 2018-11-27 KR</p>
